or of f and b.
23
Suppose 10*i + 85 = 5*i. Let u = 34 + i. Calculate the highest common factor of u and 85.
17
Suppose 0 = -3*m + 7*m - 108. What is the highest common factor of m and 6?
3
Suppose -31 = 5*s - 3*m, 5*s + 17 = -8*m + 4*m. Let w be (-9)/15*1*s. Let o be (-984)/(-30) + 2/10. Calculate the greatest common divisor of o and w.
3
Let r(p) = -p**3 + 22*p**2 - 17*p - 60. Let s be r(21). Let u = 240 + -168. What is the greatest common divisor of u and s?
24
Suppose -k - 3*b = -83, k - 4*b = -8*b + 84. Let a be (-17 - -1)/((-36)/90). Calculate the highest common divisor of k and a.
40
Let z be 56/6 + (-16)/(-24). Let f be 9968/70 + 6/z. Calculate the highest common divisor of f and 13.
13
Let r(a) = -a + 12. Let m be r(8). Let o be m + 12 + -2 - 1. What is the highest common factor of o and 104?
13
Let z = -40 - -34. Let c be (z - 1)/7 - 11*-1. What is the greatest common divisor of 10 and c?
10
Let z(m) = -m**2 + 15*m - 10. Let x(w) = -w + 8. Let c be x(-5). Let y be z(c). What is the greatest common divisor of 144 and y?
16
Let v be 27 + (-5 + -7)/3. Calculate the highest common factor of v and 529.
23
Suppose 2 - 6 = -2*r. Let s(f) = -7*f**3 + 2*f**2 - 1. Let y be s(-1). Suppose -6*x + y = -r*x, -3*h + x = -52. Calculate the highest common factor of h and 45.
9
Suppose 0*t + t = -3. Let j = t + 9. Let a(w) = w**3 - 7*w**2 + 5*w + 7. Let u be a(j). What is the highest common factor of u and 7?
1
Suppose -118 - 2 = -8*f. Let s(u) = u**3 - 2*u**2 - u + 4. Let a be s(3). What is the greatest common divisor of f and a?
5
Suppose -336 = -3*n - 18*n. Calculate the greatest common factor of 14 and n.
2
Suppose -u - 4*j + 1 = 0, -2*u = j + 4 - 6. Let q be (-5)/(u + 9)*-106. What is the greatest common factor of q and 477?
53
Let j be 4/1 - (-3 - -2). Suppose -2 = -m + j. Let q = m + -5. What is the greatest common divisor of q and 22?
2
Let n(o) = 5*o - 11. Let p be n(3). Suppose -p*q - 594 = -10*q. What is the highest common divisor of 33 and q?
33
Let p(b) = b**2 - 3*b - 10. Let u be p(7). Let v = 8 + 4. What is the highest common factor of u and v?
6
Let i be 12 - -1*1/1. Suppose 0 = 4*o - 69 + i. What is the greatest common factor of o and 154?
14
Let q = 6 + -3. Suppose 23*g + 6 = 52. Calculate the greatest common divisor of q and g.
1
Let q(d) = d**2 - 5*d - 1. Let l be q(8). Suppose -l*h + 22*h = -9. What is the highest common divisor of h and 72?
9
Let u be (2/4 - (-369)/(-18))/(3/(-6)). Suppose 2*n = 3*y - 298, 2*n - 616 = -5*y - 114. Calculate the highest common factor of u and y.
20
Let p = 316 - 216. Suppose 5*r - p = -0*r. What is the greatest common divisor of 10 and r?
10
Suppose -20 = b - 2*a - 124, 4*a = -4*b + 452. Suppose 102 = 4*m - 2*f, 5*m + 0*f + 4*f = 160. Let z = m - 6. Calculate the greatest common factor of z and b.
22
Suppose 0 = -5*f - 25, 3*h = 4*h + 3*f + 6. Let u be 4/(-6) - 129/h. Let a be ((-12)/(-5))/((-3)/u). What is the greatest common factor of a and 48?
12
Let h be (2/(-5) - 0)/((-10)/300). Suppose 4*o = 3 + 17. Suppose -4*b = o*u - 58, -5*b - 4*u + 77 = 9. What is the greatest common divisor of h and b?
12
Let u(f) = f**3 + 5*f**2 + 3*f - 6. Let t be u(4). What is the highest common factor of 30 and t?
30
Let o = 1487 - 1485. Calculate the highest common factor of 62 and o.
2
Let f = 259 + -249. Calculate the greatest common factor of f and 4.
2
Let g(m) = -m + 81. Let l be g(30). Calculate the greatest common divisor of 12 and l.
3
Let k(w) = -33*w - 37. Let o be k(-4). Let f = -1 - -3. Let v be -1 + (o - (-4)/f). Calculate the highest common factor of 12 and v.
12
Suppose 15*m + 1105 = 80*m. Suppose -198 = 3*d - 6*d. Let c be d/4 + 1/2. Calculate the greatest common factor of m and c.
17
Let d(n) be the second derivative of -n**4/12 + 5*n**3/2 - 3*n**2 + 2*n. Let s be d(9). Calculate the greatest common divisor of 12 and s.
12
Suppose 156 = 4*f + 8*f. Suppose 0 = -f*v + 7 + 6. Calculate the greatest common factor of v and 11.
1
Let n be 12/(-48) - 315/4. Let s be (-8)/(-10)*n*5. Let h = 456 + s. Calculate the greatest common divisor of 56 and h.
28
Let o be -2 - (20/1)/(-5). Suppose 0 = -10*w + o*w + 432. Calculate the greatest common factor of w and 18.
18
Let a(c) = c**2 + 6*c - 11. Let r be a(-8). Calculate the highest common factor of r and 25.
5
Let z(g) = g**2 - 4*g + 3. Let y(d) = -d**2 + 7*d - 8. Let v be y(4). Let l be z(v). Let f be 3/9*72/l. Calculate the highest common divisor of f and 32.
8
Let h be 33/(9/2 - (-25 - -28)). What is the highest common factor of 33 and h?
11
Let u = -39 - -67. Let q = 67 + -65. Let m(x) = 2*x**3 - 3*x**2 + 4*x - 5. Let i be m(q). What is the highest common factor of i and u?
7
Let l = -36 + 44. Let h be (-6)/l*(-84)/9. Suppose 2*v - 84 = -v. Calculate the greatest common factor of v and h.
7
Let q(w) = 10*w**2 - 5*w + 3. Let c be q(3). Suppose -18 + c = 3*o. What is the greatest common divisor of 180 and o?
20
Let h be (-4)/(16/6)*-2. Suppose h*a + 26 = 5*a. Suppose 0 = -4*o + 5*o + 3*r - 35, 145 = 5*o + 5*r. Calculate the highest common divisor of a and o.
13
Suppose s - 11 = 21. Suppose 7*t + t = s. Suppose 0 = 2*q + 4*r - 164, -2*q - t*r + 8*r = -156. What is the greatest common factor of q and 32?
16
Let i = -1261 + 1277. What is the greatest common factor of 192 and i?
16
Suppose w - 440 = -389. What is the greatest common divisor of w and 17?
17
Let s(f) be the third derivative of -f**6/120 - f**5/12 + 11*f**4/24 + 11*f**3/6 - 3*f**2. Let z be s(-8). What is the greatest common factor of 46 and z?
23
Let t(a) = 17*a - 24. Let x be t(-8). Let f = x - -255. What is the greatest common divisor of 19 and f?
19
Let z = 1200 - 778. Let s be (-4)/20 - z/(-10). Calculate the highest common divisor of 168 and s.
42
Let v(y) = y + 2. Let d be 2 + 12/2 + -4. Let b be v(d). What is the highest common factor of b and 30?
6
Suppose -2*h - 3*h = -125. Suppose 0 = -36*i + 40*i - 300. What is the highest common factor of i and h?
25
Suppose -537 = -3*o - 4*d, -648 = -3*o + 2*d - 129. Suppose 0 = 5*x - 4*q - 282 + 115, -5*q = 4*x - 150. Calculate the greatest common factor of x and o.
35
Let b = -523 - -550. Calculate the greatest common divisor of b and 45.
9
Let m(s) = -2*s**2 - 18*s + 6. Let l be m(-8). What is the greatest common divisor of 286 and l?
22
Let i(m) = m**2 - 4*m + 15. Let h be i(7). What is the greatest common divisor of 27 and h?
9
Let g be (2/7 + 222/7)/2. Calculate the greatest common divisor of g and 40.
8
Let n(f) = -245*f + 14. Let u be n(-2). Calculate the highest common factor of 280 and u.
56
Let x(k) = 15*k**2 - k. Let b be x(1). Suppose 5*l - 6 = -r + 8, 3*l = 5*r - b. Calculate the greatest common factor of l and 8.
2
Suppose 3*u - 9 = -3*s, 5*u + 4*s - 17 = -1. Suppose 3*n + 116 = 4*w - 171, -u*w - n = -267. Calculate the greatest common divisor of 102 and w.
34
Let u(s) = s**3 + 2*s**2 - 1. Let g be u(2). Let q be 11 + 1 + 0 + 3. Calculate the greatest common factor of g and q.
15
Let v = -6 + -2. Let s be v/((2/4)/(-1)). Suppose -4*i + 136 = 5*m, 76 = -3*m + 7*m - 5*i. What is the greatest common factor of s and m?
8
Let v = 450 + -415. What is the highest common factor of 42 and v?
7
Suppose -16*w + 331 = -181. Calculate the greatest common factor of w and 8.
8
Suppose -359 = -12*x + 4513. Calculate the greatest common divisor of 174 and x.
58
Suppose 14*x - 16*x = 5*w - 280, -3*w + 149 = 5*x. Calculate the greatest common factor of w and 58.
58
Let u be (20/(-1))/(6/(-15)). Let z(f) = -f**3 - f**2 + 6*f - 4. Let s be z(-4). What is the highest common divisor of u and s?
10
Suppose -4*n - 12 = 60. Let s be 0/(-1) - n*1. Suppose 2*k + 0*k = 24. Calculate the greatest common factor of k and s.
6
Let j be 3 + -1 - ((-3)/(-3) - 16). Suppose -119 + j = -6*o. Suppose 171 + 305 = 4*f. Calculate the greatest common divisor of f and o.
17
Let p be 0 - ((-6 - -2) + 1). Suppose -p*u = 2*u + 5*v - 30, -5*u + 4*v = -75. Suppose -u = -2*r + 27. Calculate the highest common factor of 95 and r.
19
Let o = 42 - 23. Let w(r) = -r**3 + 20*r**2 - 18*r - 7. Let v be w(o). What is the highest common factor of 9 and v?
3
Suppose 2*s + s = 2*t + 16, 4 = -s + 3*t. Suppose -4*k + 0*k - 2*l = -228, 5*k + 5*l - 290 = 0. What is the greatest common divisor of s 